 and 14751.
99
What is the highest common divisor of 8 and 12?
4
What is the highest common factor of 39 and 9?
3
What is the highest common factor of 4690 and 10?
10
What is the highest common factor of 234 and 6?
6
Calculate the greatest common divisor of 42 and 3954.
6
What is the highest common factor of 10 and 15?
5
Calculate the highest common factor of 7 and 791.
7
What is the highest common factor of 432 and 36?
36
Calculate the greatest common divisor of 217 and 961.
31
What is the highest common factor of 253 and 644?
23
What is the highest common divisor of 47 and 2?
1
Calculate the greatest common factor of 11479 and 78.
13
Calculate the greatest common divisor of 67 and 67.
67
Calculate the greatest common factor of 286 and 208.
26
What is the greatest common divisor of 1144 and 33?
11
What is the greatest common divisor of 54 and 504?
18
What is the greatest common divisor of 1735 and 20?
5
What is the greatest common divisor of 26 and 208?
26
Calculate the highest common divisor of 13 and 52.
13
Calculate the greatest common factor of 7 and 1169.
7
Calculate the greatest common divisor of 16 and 1024.
16
Calculate the greatest common divisor of 480 and 1020.
60
Calculate the highest common factor of 477 and 1537.
53
Calculate the highest common divisor of 696 and 24.
24
What is the highest common factor of 45 and 2097?
9
Calculate the highest common factor of 297 and 27.
27
What is the highest common divisor of 11132 and 46?
46
Calculate the greatest common factor of 2278 and 170.
34
What is the highest common divisor of 365 and 73?
73
Calculate the highest common divisor of 8 and 1996.
4
Calculate the greatest common factor of 42 and 924.
42
What is the highest common divisor of 392 and 16?
8
Calculate the highest common divisor of 22 and 1408.
22
Calculate the greatest common factor of 125 and 15775.
25
Calculate the greatest common divisor of 583 and 53.
53
What is the greatest common divisor of 8928 and 12?
12
Calculate the greatest common divisor of 656 and 1148.
164
What is the highest common factor of 969 and 51?
51
What is the highest common divisor of 40 and 664?
8
What is the greatest common factor of 48552 and 336?
168
Calculate the highest common divisor of 29 and 4.
1
Calculate the greatest common factor of 33 and 231.
33
Calculate the highest common factor of 64 and 1472.
64
Calculate the greatest common divisor of 1909 and 207.
23
What is the greatest common factor of 105 and 175?
35
What is the highest common divisor of 99 and 198?
99
Calculate the greatest common factor of 637 and 49.
49
What is the greatest common divisor of 25 and 50?
25
What is the highest common factor of 385 and 3520?
55
What is the highest common factor of 32362 and 22?
22
What is the highest common divisor of 1220 and 20?
20
What is the highest common factor of 2048 and 192?
64
What is the greatest common factor of 14 and 3346?
14
Calculate the greatest common divisor of 512 and 64.
64
What is the greatest common factor of 495 and 22?
11
What is the highest common factor of 1458 and 378?
54
Calculate the greatest common factor of 412 and 92.
4
Calculate the greatest common factor of 68 and 153.
17
What is the highest common factor of 13 and 143?
13
Calculate the greatest common factor of 203 and 116.
29
What is the highest common factor of 532 and 836?
76
Calculate the highest common factor of 108 and 7020.
108
What is the greatest common divisor of 105 and 245?
35
What is the greatest common factor of 1679 and 23?
23
What is the greatest common divisor of 1385 and 5?
5
Calculate the highest common factor of 30 and 615.
15
Calculate the highest common divisor of 14316 and 24.
12
What is the highest common factor of 20 and 235?
5
What is the highest common divisor of 176 and 66?
22
Calculate the highest common factor of 51 and 15.
3
What is the highest common divisor of 66 and 20031?
33
Calculate the highest common factor of 650 and 90.
10
Calculate the highest common factor of 102 and 120.
6
What is the greatest common factor of 19 and 15637?
19
What is the highest common divisor of 22 and 32208?
22
Calculate the greatest common factor of 215 and 1075.
215
What is the highest common divisor of 252 and 1120?
28
Calculate the greatest common factor of 208 and 16.
16
What is the highest common factor of 1156 and 136?
68
Calculate the highest common divisor of 6 and 1842.
6
Calculate the highest common factor of 10117 and 453.
151
What is the highest common divisor of 4320 and 160?
160
What is the highest common factor of 5905 and 5?
5
What is the greatest common divisor of 506 and 22?
22
What is the greatest common divisor of 850 and 3650?
50
What is the greatest common divisor of 8621 and 37?
37
What is the highest common factor of 102 and 21981?
51
What is the highest common factor of 75 and 10875?
75
What is the greatest common factor of 15410 and 115?
115
What is the highest common factor of 114 and 138?
6
What is the highest common factor of 35 and 100?
5
What is the greatest common divisor of 1267 and 14?
7
Calculate the highest common divisor of 41391 and 219.
219
What is the greatest common divisor of 15704 and 104?
104
Calculate the highest common factor of 429 and 1551.
33
What is the greatest common divisor of 792 and 3600?
72
What is the highest common factor of 3920 and 32?
16
What is the highest common factor of 7860 and 20?
20
Calculate the greatest common divisor of 33 and 99.
33
What is the highest common factor of 385 and 10?
5
What is the highest common factor of 856 and 8?
8
What is the highest common divisor of 1287 and 78?
39
Calculate the greatest common factor of 6948 and 63.
9
What is the highest common factor of 44 and 1716?
44
What is the greatest common divisor of 25 and 50?
25
What is the highest common factor of 5738 and 114?
38
What is the highest common factor of 272 and 9214?
34
What is the highest common divisor of 424 and 1112?
8
What is the highest common factor of 104 and 182?
26
What is the greatest common divisor of 12 and 164?
4
Calculate the highest common divisor of 1240 and 5560.
40
What is the highest common factor of 8 and 46?
2
What is the greatest common divisor of 612 and 697?
17
Calculate the greatest common factor of 28 and 532.
28
Calculate the highest common factor of 80 and 170.
10
Calculate the highest common divisor of 3776 and 177.
59
What is the highest common factor of 7 and 20279?
7
What is the highest common factor of 15617 and 161?
161
What is the highest common factor of 240 and 96?
48
Calculate the greatest common factor of 901 and 106.
53
Calculate the greatest common factor of 6 and 7386.
6
Calculate the greatest common divisor of 544 and 288.
32
Calculate the highest common divisor of 404 and 303.
101
Calculate the greatest common factor of 175 and 1225.
175
What is the highest common factor of 23 and 736?
23
Calculate the greatest common divisor of 19710 and 292.
146
Calculate the highest common factor of 3 and 717.
3
Calculate the highest common divisor of 51 and 408.
51
What is the greatest common factor of 368 and 6808?
184
What is the highest common divisor of 1573 and 13?
13
What is the highest common factor of 6 and 5178?
6
What is the highest common factor of 14 and 35?
7
Calculate the greatest common divisor of 1375 and 297.
11
Calculate the greatest common divisor of 3423 and 56.
7
What is the greatest common divisor of 3198 and 156?
78
What is the highest common factor of 246 and 656?
82
Calculate the highest common factor of 544 and 1904.
272
What is the highest common factor of 14 and 812?
14
What is the highest common factor of 1407 and 2211?
201
What is the highest common factor of 160 and 192?
32
Calculate the highest common divisor of 649 and 413.
59
What is the greatest common factor of 27 and 6183?
27
Calculate the highest common divisor of 32 and 76.
4
What is the greatest common divisor of 3475 and 100?
25
Calculate the highest common divisor of 6920 and 110.
10
What is the greatest common factor of 270 and 40?
10
What is the highest common divisor of 117 and 2?
1
What is the greatest common divisor of 23 and 3404?
23
What is the highest common factor of 38 and 8626?
38
What is the highest common factor of 90 and 10140?
30
Calculate the highest common